hen 602940 is divided by 86131?
23
What is the remainder when 353716 is divided by 176856?
4
What is the remainder when 7707 is divided by 947?
131
What is the remainder when 6634 is divided by 20?
14
Calculate the remainder when 7045 is divided by 201.
10
Calculate the remainder when 10945 is divided by 161.
158
What is the remainder when 85958 is divided by 14326?
2
Calculate the remainder when 119 is divided by 99.
20
What is the remainder when 56988 is divided by 52?
48
Calculate the remainder when 895 is divided by 131.
109
Calculate the remainder when 208975 is divided by 405.
400
Calculate the remainder when 11363 is divided by 27.
23
Calculate the remainder when 11923 is divided by 990.
43
Calculate the remainder when 163926 is divided by 130.
126
Calculate the remainder when 3691 is divided by 224.
107
Calculate the remainder when 50050 is divided by 208.
130
What is the remainder when 310953 is divided by 310?
23
Calculate the remainder when 72343 is divided by 159.
157
What is the remainder when 7066 is divided by 339?
286
What is the remainder when 2280 is divided by 756?
12
Calculate the remainder when 38992 is divided by 12791.
619
Calculate the remainder when 42701 is divided by 16.
13
What is the remainder when 88801 is divided by 2863?
48
What is the remainder when 13634 is divided by 856?
794
What is the remainder when 81671 is divided by 6?
5
What is the remainder when 25870 is divided by 1597?
318
What is the remainder when 4893 is divided by 1625?
18
Calculate the remainder when 36732 is divided by 157.
151
Calculate the remainder when 190661 is divided by 42.
23
What is the remainder when 7676 is divided by 851?
17
Calculate the remainder when 2901 is divided by 768.
597
Calculate the remainder when 2080 is divided by 223.
73
What is the remainder when 5125 is divided by 4893?
232
What is the remainder when 3118 is divided by 192?
46
Calculate the remainder when 1975322 is divided by 605.
602
What is the remainder when 913975 is divided by 304644?
43
Calculate the remainder when 450317 is divided by 38.
17
What is the remainder when 701320 is divided by 9?
4
Calculate the remainder when 88117 is divided by 1918.
1807
Calculate the remainder when 50788 is divided by 7.
3
Calculate the remainder when 29729 is divided by 9891.
56
What is the remainder when 14289 is divided by 37?
7
Calculate the remainder when 13188 is divided by 234.
84
Calculate the remainder when 115476 is divided by 56.
4
What is the remainder when 25291 is divided by 73?
33
What is the remainder when 3945 is divided by 270?
165
What is the remainder when 2076 is divided by 46?
6
What is the remainder when 228898 is divided by 21?
19
What is the remainder when 4314 is divided by 48?
42
Calculate the remainder when 398192 is divided by 12844.
28
What is the remainder when 101817 is divided by 599?
586
What is the remainder when 2631 is divided by 445?
406
Calculate the remainder when 2815 is divided by 108.
7
Calculate the remainder when 110548 is divided by 13.
9
What is the remainder when 5714 is divided by 106?
96
Calculate the remainder when 32888 is divided by 23.
21
What is the remainder when 122959 is divided by 1042?
3
Calculate the remainder when 27272 is divided by 440.
432
Calculate the remainder when 5588 is divided by 150.
38
What is the remainder when 13770 is divided by 511?
484
What is the remainder when 2192 is divided by 252?
176
What is the remainder when 827176 is divided by 1180?
1176
What is the remainder when 1795 is divided by 610?
575
What is the remainder when 947244 is divided by 247?
246
Calculate the remainder when 97138 is divided by 39.
28
Calculate the remainder when 3967 is divided by 1322.
1
What is the remainder when 1130173 is divided by 994?
989
What is the remainder when 3883 is divided by 1079?
646
What is the remainder when 317542 is divided by 2520?
22
Calculate the remainder when 72366 is divided by 110.
96
What is the remainder when 15439 is divided by 7460?
519
What is the remainder when 466 is divided by 61?
39
What is the remainder when 137788 is divided by 1498?
1470
Calculate the remainder when 12645 is divided by 43.
3
What is the remainder when 1046 is divided by 176?
166
Calculate the remainder when 73318 is divided by 3858.
16
Calculate the remainder when 1906 is divided by 231.
58
What is the remainder when 442 is divided by 400?
42
Calculate the remainder when 26803 is divided by 17.
11
What is the remainder when 1528 is divided by 490?
58
What is the remainder when 3611 is divided by 150?
11
Calculate the remainder when 31422 is divided by 324.
318
Calculate the remainder when 585913 is divided by 53.
51
What is the remainder when 16691 is divided by 522?
509
What is the remainder when 284 is divided by 185?
99
What is the remainder when 18221 is divided by 59?
49
What is the remainder when 231 is divided by 22?
11
What is the remainder when 3607 is divided by 134?
123
What is the remainder when 35839 is divided by 2729?
362
Calculate the remainder when 7417 is divided by 144.
73
What is the remainder when 15040 is divided by 69?
67
What is the remainder when 5377 is divided by 268?
17
Calculate the remainder when 13278 is divided by 1082.
294
What is the remainder when 23080 is divided by 154?
134
Calculate the remainder when 8806 is divided by 187.
17
Calculate the remainder when 4370 is divided by 47.
46
What is the remainder when 524186 is divided by 698?
686
What is the remainder when 153426 is divided by 274?
260
Calculate the remainder when 88155 is divided by 443.
441
What is the remainder when 10471276 is divided by 161?
158
Calculate the remainder when 76407 is divided by 199.
190
What is the remainder when 29946 is divided by 20?
6
Calculate the remainder when 1269 is divided by 161.
142
What is the remainder when 19554 is divided by 159?
156
What is the remainder when 608 is divided by 358?
250
What is the remainder when 48355 is divided by 329?
321
Calculate the remainder when 5437 is divided by 599.
46
Calculate the remainder when 118366 is divided by 17.
12
What is the remainder when 254509 is divided by 50901?
4
Calculate the remainder when 2979 is divided by 107.
90
What is the remainder when 1304 is divided by 160?
24
Calculate the remainder when 14284 is divided by 44.
28
What is the remainder when 51136 is divided by 701?
664
Calculate the remainder when 4235 is divided by 521.
67
Calculate the remainder when 27161 is divided by 170.
131
Calculate the remainder when 7310 is divided by 719.
120
What is the remainder when 5342 is divided by 634?
270
Calculate the remainder when 130356 is divided by 57.
54
Calculate the remainder when 1216 is divided by 21.
19
Calculate the remainder when 578347 is divided by 25.
22
Calculate the remainder when 646 is divided by 41.
31
What is the remainder when 31216 is divided by 261?
157
What is the remainder when 832 is divided by 36?
4
What is the remainder when 14959 is divided by 1118?
425
What is the remainder when 6219 is divided by 1351?
815
Calculate the remainder when 6112 is divided by 6060.
52
Calculate the remainder when 52437 is divided by 24.
21
What is the remainder when 55427 is divided by 3695?
2
Calculate the remainder when 6771 is divided by 200.
171
What is the remainder when 4396 is divided by 1015?
336
Calculate the remainder when 3046 is divided by 1518.
10
Calculate the remainder when 15857 is divided by 81.
62
Calculate the remainder when 11292 is divided by 161.
22
What is the remainder when 382984 is divided by 382975?
9
Calculate the remainder when 56266 is divided by 61.
24
Calculate the remainder when 25317 is divided by 12634.
49
What is the remainder when 176072 is divided by 57?
56
Calculate the remainder when 718569 is divided by 37.
29
What is the remainder when 1051 is divided by 42?
1
What is the remainder when 133841 is divided by 104?
97
Calculate the remainder when 89681 is divided by 5978.
11
Calculate the remainder when 4452 is divided by 83.
53
What is the remainder when 24360 is divided by 6090?
0
Calculate the remainder when 183006 is divided by 30501.
0
What is the remainder when 1426996 is divided by 86?
84
Calculate the remainder when 18884 is divided by 21.
5
Calculate the remainder when 5358 is